 w be 1 + (-7)/(21/(-6)). Suppose -2*j - 3*j = 3*v - 33, -2*j = w*v - 6. Suppose -6*m = -j*m + 78. What is the remainder when m is divided by 14?
12
Suppose -713 = 5*u - 6*u. Let n = -465 + u. Suppose 2*s + 4*c = 106, -3*s + n = s - c. What is the remainder when s is divided by 21?
19
Suppose d - 12 = -3*d. Let g(k) = 7*k**3 - 4*k**2 - 4. Calculate the remainder when g(d) is divided by 50.
49
Let a be 18*(-1)/(3/(-2)). Suppose -10*d = -21*d + 33. Let t = d + a. Calculate the remainder when 43 is divided by t.
13
Suppose 6*b - 3*b = 6, 4*r - 154 = 3*b. Let c = -48 + 20. What is the remainder when r is divided by (1 - 1) + c/(-2)?
12
Let s(x) = -2*x**3 - 7*x**2 - 5*x + 3. Let q = 14 - 18. Let u be s(q). Suppose -3*v - 15 + u = 0. Calculate the remainder when 29 is divided by v.
5
Let u = 123 - 37. Suppose -210 - u = -4*v. What is the remainder when v is divided by 25?
24
Suppose -3*y + 30 = 3*n - 0*n, -4*y + n = -45. Calculate the remainder when y is divided by 8.
3
Let z(i) = i**3 + i**2. Let y be z(0). Let n(r) be the first derivative of r**2 + 15*r - 4. What is the remainder when 58 is divided by n(y)?
13
Suppose 5*w + 434 = 2*v, 0 = 3*w + 5*v + 357 - 109. Let m = 19 - w. What is the remainder when m is divided by 27?
24
What is the remainder when 103 is divided by ((-5)/10)/((-1)/30)?
13
Let r(w) = w**3 - 9*w**2 - 8*w - 7. Let j be r(10). Suppose -j = i - 35. Suppose 0 = 2*y - 5*y + 255. Calculate the remainder when y is divided by i.
19
Suppose -4*r + 16 = 0, 3*j - 6 = 4*r + 11. What is the remainder when 130 is divided by j?
9
Suppose 0*n - 2*n + 46 = 0. Let y be (-2)/(-6) + 140/(-60). What is the remainder when (-7 + 1)/(y + 21/11) is divided by n?
20
Let r(t) = -t**2 + 14*t - 24. Let s be r(12). What is the remainder when 7*(1 - s - 0) is divided by 5?
2
Let i = 54 + -51. Suppose 148 + 23 = i*f + 3*t, 5*f - 5*t - 305 = 0. Calculate the remainder when f is divided by 30.
29
Suppose 15*l - 4660 = 4040. What is the remainder when l is divided by 146?
142
Suppose -229 = -4*v - f, -8*v - 5*f = -9*v + 73. Calculate the remainder when 339 is divided by v.
49
Let t(m) = -m**3 - 9*m**2 - 13*m + 23. What is the remainder when 312 is divided by t(-8)?
60
Suppose 3*m = 3*l - 99, -10*m = 4*l - 5*m - 141. Calculate the remainder when 166 is divided by l.
30
Let m = -93 + 118. What is the remainder when 74 is divided by m?
24
Suppose -4*m + 3*u = 4*u - 53, m + 2*u = 8. Let w = 24 - m. Suppose 0 = 2*f + 3*b - 8 - w, 18 = 2*f - 5*b. Calculate the remainder when 23 is divided by f.
5
Suppose -5 = -2*l + 21. Suppose 24 = -3*x + 4*x. Calculate the remainder when x is divided by l.
11
Let l = -30 + 24. Suppose 7*q - 3*q - 2*g = 30, -21 = -q + 5*g. Calculate the remainder when 3/(((-2)/l)/((-34)/(-18))) is divided by q.
5
Let i = 5 + -2. Suppose 5*b - i*x = 252, -92 = -0*b - 2*b - x. What is the remainder when b is divided by 25?
23
Suppose 0 = -5*x + 2*o + 8, -5*x = -o - 0*o - 9. Let s be x/9 - 747/81. Calculate the remainder when 41 is divided by (0 - 3)*(s - -2).
20
Let b = 26 + -14. Suppose -4 = -4*m + b. Suppose 0*a + m*a = 24. What is the remainder when a is divided by 3?
0
Let t(m) = 7*m - 9 + 4 - 8*m. Suppose 0 = 3*u - 6*u + 51. What is the remainder when u is divided by t(-14)?
8
Let p = -1 - -2. Suppose 0 = c - p - 1. Calculate the remainder when (c/(-4))/((-8)/288) is divided by 10.
8
Suppose -43 = -f - 4*l, -3*l = -f + 53 + 11. Let q(g) = 56*g + 1. Let s be q(1). Suppose 0 = -11*o + 8*o + s. Calculate the remainder when f is divided by o.
17
Let z(l) = 2*l + 26. What is the remainder when 32 is divided by z(-4)?
14
Suppose 4*z - 12 = 2*v, -v - 4*v = z - 3. Suppose -h + z = 0, -r + 6*r - 3*h - 106 = 0. What is the remainder when r is divided by 13?
10
Let j = 97 + -141. Let f = 56 + j. Let o = -20 + 54. What is the remainder when o is divided by f?
10
Let o = -41 - -68. Let f(b) = -3*b**3 + 4*b**2 + 2*b - 4. Calculate the remainder when f(-3) is divided by o.
26
Let c(a) be the third derivative of a**6/120 + 13*a**5/60 - 7*a**4/12 + 17*a**3/6 + 16*a**2. What is the remainder when 28 is divided by c(-14)?
11
Suppose 16*l - 11*l - 115 = 0. Calculate the remainder when l is divided by 14.
9
Suppose 0 = -d + 2*d - 3*v + 281, 5*d + 1310 = -4*v. What is the remainder when d/(-4) + (-39)/26 is divided by 23?
19
Let x be (2 - 15)/((-2)/(-4)). Let k be x/(-8) + (-2)/8. Let u(q) = q**3 - q**2 - 2*q - 1. What is the remainder when 30 is divided by u(k)?
8
Let o = 18 + 81. Let z = o + -62. Calculate the remainder when 183 is divided by z.
35
What is the remainder when ((-9)/(-1))/(153/13209) is divided by 39?
36
Suppose 6*p = 232 - 40. Suppose -3*h + p = -1. Calculate the remainder when 46 - (4 - (-4 + 5)) is divided by h.
10
Suppose 0 = 4*i + 14*i - 2430. What is the remainder when i is divided by 35?
30
Let b(j) = 2*j**2 + 7*j - 25. Calculate the remainder when b(-16) is divided by 54.
51
Let u be 3*2/6 + 444. Suppose 3*g - u = -2*g. Let r = -834 + 864. What is the remainder when g is divided by r?
29
Let g = 16 + -5. Suppose 13*o - g*o - 10 = 0. Suppose 46 = o*s - 9. Calculate the remainder when 41 is divided by s.
8
Suppose 30*q = 14*q + 2672. Calculate the remainder when q is divided by 84.
83
Let h be (-510)/4 - 1/2. Let m = h + 179. Calculate the remainder when m is divided by 13.
12
Let v = -18 - -47. What is the remainder when v is divided by (-5 + 4)/((-1)/15)?
14
Let j = -1875 + 1969. Calculate the remainder when 173 is divided by j.
79
Let y(v) = v**2 + 7*v - 6. Let d be y(-10). Let o = -14 + d. Suppose -3*a = -2*t - 90, -3*t - 149 = 4*a - 9*a. What is the remainder when a is divided by o?
8
What is the remainder when (-174)/(-2) + -3 + 0 + 3 is divided by 54?
33
Suppose 2*q = -6, -2*q - 10 = -2*s - 0*s. Suppose -s = 7*d - 8*d. What is the remainder when 4 is divided by d?
0
Suppose 0 = 39*k - 44*k + 90. What is the remainder when 88 is divided by k?
16
Suppose -114 = -3*f - 0*f. Let j = -16 + 29. What is the remainder when f is divided by j?
12
Let u = 181 + -144. Calculate the remainder when u is divided by 8.
5
Suppose 38*n - 42*n + 3*a = -89, -a = 2*n - 37. Calculate the remainder when n is divided by 13.
7
Suppose -5 + 1 = 2*j. Let i = j + 5. Suppose -2*g - 3*a = -21, -47 + 88 = 5*g - 4*a. Calculate the remainder when g is divided by i.
0
Let u(x) = 38 + 4*x - x - 5*x + 7*x**2 - 8*x**2. Let m(o) = o**2 + 1. Calculate the remainder when u(0) is divided by m(3).
8
Suppose 5*i - 51 = 3*n + 29, -i = 4*n - 16. Calculate the remainder when 62 is divided by i.
14
Let f(n) = -n**2 - 3*n - 7. Let r be f(-3). Let z(d) = -d + 9. What is the remainder when z(r) is divided by 9?
7
Let y = 130 - 89. What is the remainder when 152 is divided by y?
29
Let x = 294 + -278. What is the remainder when 286 is divided by x?
14
Let w = 14 + -16. Let a(l) = 4*l**2 + l - 3. What is the remainder when 42 is divided by a(w)?
9
Let l = -698 + 759. What is the remainder when 670 is divided by l?
60
What is the remainder when 43 is divided by (6/((-24)/(-5)))/(7/168)?
13
Let d = -2205 - -2215. Calculate the remainder when 113 is divided by d.
3
Let g(h) = 5*h + 4. Let o = 80 - 79. Calculate the remainder when g(3) is divided by o/((-4)/(20*-2)).
9
Let q = -202 + 268. Calculate the remainder when 261 is divided by q.
63
Calculate the remainder when 72/(-16)*(-4 - 8) is divided by 24.
6
Let v(i) = 21*i - 120. What is the remainder when 177 is divided by v(7)?
15
Let y = -49 - -46. Let i(g) = 5*g**2 - 6*g + 3. Calculate the remainder when i(y) is divided by 23.
20
Let u(r) = -10*r**3 - 2*r**2 - r. Let s be u(-1). Suppose t = 5*w - 27, 3*w - 4*t = -3 + s. Calculate the remainder when 11 is divided by w.
5
Let p(u) be the first derivative of u**4/4 - u**3 + 2*u**2 - 3*u + 2. Let a(l) = 17*l + 76. What is the remainder when p(4) is divided by a(-4)?
5
Suppose -5*r - 39 = 2*j, 3*j - 23 = 4*r + 22. What is the remainder when 84 is divided by -4 + 44 - 1/(3/r)?
41
Let t(z) = -8*z - 12. Let n be t(-7). Let h(r) = -r**3 - 13*r**2 - 14*r + 8. What is the remainder when 66/n*(-500)/(-6) is divided by h(-12)?
29
Let x(o) = 21*o - 1. Let f be x(1). Let q = -6 - -20. What is the remainder when 25/20*f/1 is divided by q?
11
Let g(b) = -b**2 - 21*b + 57. What is the remainder when g(-2